Let h(z) = -2*b(z) - s(z). What is the units digit of h(-7)?
1
Let g(o) = 3*o**2 - 6*o + 6. What is the units digit of g(7)?
1
Let x = 1 + 94. What is the units digit of x?
5
Let p(q) = 4*q. Let s be -1 - ((-3)/3 + -1). Let f be p(s). Let l = f - 1. What is the units digit of l?
3
Suppose -1 = -2*x + 3, -x + 34 = l. What is the units digit of l + 7/(7/(-4))?
8
Let l(w) be the first derivative of -3 - w + 3/2*w**2. What is the units digit of l(2)?
5
Let d = -2 + -4. Let h = d + 11. Suppose -55 = -2*q - h*o, 5 = q - 5*o + 3*o. What is the units digit of q?
5
Let i(o) = -o**2 - 26*o + 17. What is the units digit of i(-8)?
1
Suppose 4*m + 197 = 5*v, 76 = 2*v - 5*m + 2*m. Suppose -v = -5*g - 16. What is the units digit of g?
5
Suppose 7 = 4*b - 0*d - 3*d, -2*b = -2*d - 6. Let y = 9 - b. What is the units digit of y?
1
Let q = 404 + -223. What is the units digit of q?
1
Suppose -8 = 5*f - 28. What is the units digit of f?
4
Suppose -t + 0*t = -1. Let k(w) = 10*w**3 + 2*w**2 - 2*w + 1. Let g be k(t). Suppose -g - 15 = -2*l. What is the tens digit of l?
1
Suppose -6*o + 1592 = 2*o. What is the units digit of o?
9
Suppose 4*c = 2*u + 4, 4*u + c = 3 + 7. Suppose m = -u + 10. Let w = 4 + m. What is the tens digit of w?
1
Let c(v) be the first derivative of v**4/24 + 5*v**3/6 + v**2 + 1. Let k(s) be the second derivative of c(s). What is the units digit of k(0)?
5
Suppose 0 = -2*m - 3*m. Suppose -15 = -m*k - 5*k. Suppose k*f - 2 = -n + 40, 4*f = 3*n + 69. What is the units digit of f?
5
Let c(i) = i**3 - 4*i**2 + 3*i + 2. Let o be c(3). Let l be o/3*(-3)/(-2). What is the units digit of (1 + l)/(6/15)?
5
Let u(y) = -11*y - 41. Let v(n) = 7*n + 27. Let s(c) = 5*u(c) + 8*v(c). Suppose 4*r = 3*j - 40, -4*r - 5*j = -j + 40. What is the units digit of s(r)?
1
Let m = -55 - -103. What is the units digit of m?
8
Let r = 5 + 0. Suppose -2*z - r*t = z - 32, 5*z - t = 16. Suppose -50 = -z*o + 4*l - 6*l, -5*o - l = -64. What is the tens digit of o?
1
Let m(w) = -w**2 + 20*w - 11. What is the tens digit of m(18)?
2
Let s = -12 + 8. Let x(t) = 6*t + 1. Let z(b) = -19*b - 3. Let h(q) = -7*x(q) - 2*z(q). What is the units digit of h(s)?
5
Let m = 3 + 0. What is the units digit of m?
3
Let s(r) = -r**3 + 3*r**2 - 4*r + 4. Let n be s(3). Let p = n - -19. What is the units digit of p?
1
What is the tens digit of (-49 - 0)/(-1*(-2)/(-6))?
4
Let b = 0 - -28. What is the units digit of 6/14 - (-940)/b?
4
Let m(o) = -o**3 + 6*o**2 + 5*o. Suppose 0 = 6*y - 3*y, -4*d + 24 = y. What is the units digit of m(d)?
0
Let w = -48 - -95. What is the units digit of w?
7
Suppose 3*w = 12, 3*p + 4*w - 132 = -p. Suppose 165 - 13 = -8*h. Let t = p + h. What is the tens digit of t?
1
Suppose -2*j = -3*j + 3. Suppose 34 = j*o - o. What is the tens digit of o?
1
Let n = -241 - -464. What is the tens digit of n?
2
Let b = -11 - -16. Suppose -m + 4 = -b. Suppose -3*v = -2*v - m. What is the units digit of v?
9
Let a = 9 - 6. Suppose s = -a*s. Suppose s = 5*v - v + 3*i - 47, 39 = 4*v - 5*i. What is the tens digit of v?
1
Let m(g) = 2*g**2 + 2*g - 13. What is the tens digit of m(-6)?
4
Let g(z) = z**2 + 3*z + 5. Let n be g(-4). Let l(d) = d**3 - 10*d**2 + 10*d + 1. What is the tens digit of l(n)?
1
Let g(i) = 12*i**3 - i. Let t be g(1). Let u = t + 5. What is the units digit of u?
6
Let z(x) = 12*x - 53. What is the tens digit of z(18)?
6
Let j(m) = m. Let f be j(-1). Let o be ((0 - -2) + -2)/f. Suppose 3*k - 23 = -2*a, -3*a - k + o = -17. What is the units digit of a?
4
Let t be -1*171/(3*-1). Let n = t + -40. Suppose 2*o - 2*p + 18 = 3*p, 5*p = 3*o + n. What is the units digit of o?
1
Suppose -3*m = a - 22, -2*a - 3*a = 3*m - 122. What is the tens digit of a?
2
Let o(b) = b + 3. Let t(p) = -p**3 - 8*p**2 + 8*p - 2. Let a be t(-9). Let l be o(a). Suppose r + r = l. What is the units digit of r?
5
Let i = -47 + 74. Let t = -19 + i. What is the units digit of t?
8
Suppose -l + 29 = 22. What is the units digit of l?
7
Suppose -8*q + 7*q = 8. What is the units digit of (q - (3 + -5))*-1?
6
Let b = 4 - -1. Suppose -4*p + b + 7 = 0. What is the units digit of p?
3
Let i(u) = u + 3. Let s(d) = -4*d. Let y be s(-2). What is the units digit of i(y)?
1
Suppose 2*y + 23 = 91. What is the tens digit of y?
3
What is the tens digit of -6*((-21)/(-9) - 4)?
1
Let y(q) = -2*q - 2. Let h be y(1). Suppose -2*j - 2*l = -3*l + 10, 4*j - 4*l + 16 = 0. Let c = h - j. What is the units digit of c?
2
Suppose 7*o = 10*o - 9. What is the units digit of o?
3
Let g be 1 - 1 - (-2)/1. Suppose -v = -g*v + 4. Suppose 3*h + 11 = v*p - 6, -2*p = 5*h - 15. What is the units digit of p?
5
Let o = -6 - -136. Suppose 5*z - 167 = 2*s, -s = 4*z + s - o. What is the tens digit of z?
3
Let g(j) be the third derivative of -j**6/40 - j**5/30 - j**4/24 + j**2. Let t be g(-1). Suppose -8 + t = -y. What is the units digit of y?
6
What is the units digit of 61/(-3)*(-5 - (-14)/7)?
1
Let x = 175 + -89. What is the units digit of x?
6
What is the tens digit of (185/4 - 1) + (-2)/8?
4
What is the tens digit of (-2 - -4)*534/6?
7
Let f(m) = 15*m**3 + 2*m**2 - m. What is the tens digit of f(1)?
1
Let p be 0 - (-3 + -2) - 3. Suppose -3*d - 20 = -p*h, 28 = h + 3*h - 3*d. Suppose 3*r = h + 14. What is the units digit of r?
6
Let y = -8 - -5. Let b(n) = 3*n**2 + n - 2. What is the tens digit of b(y)?
2
Suppose 3*m - 551 = -5*v, -v - 6*m + 7*m + 107 = 0. What is the tens digit of v?
0
Suppose -144 = -6*x + 246. What is the units digit of x?
5
Let x = -34 + 82. Let i = x + -14. What is the tens digit of i?
3
What is the units digit of 23 + -3*(-4)/3?
7
What is the units digit of 44/(-2)*(-15)/10?
3
Let f(y) = -48*y. What is the units digit of f(-1)?
8
Let a(o) = -10*o - 4. What is the units digit of a(-4)?
6
Suppose 12 = -r + f - 0, 2*r + 3*f + 24 = 0. What is the units digit of 21/(-14)*r/2?
9
Let s = -52 - -237. What is the tens digit of s?
8
Suppose -3*y + 202 = -y. Suppose y + 49 = 5*l. Suppose 3 = -3*h + l. What is the units digit of h?
9
Let h be -6 + (-1)/(-1)*0. Let a = -6 - h. Suppose a = -6*f + f + 40. What is the units digit of f?
8
Let p(m) = -m + 13. Let a be p(10). Suppose -1 - a = -2*i. Suppose -3*k = i*k - 65. What is the tens digit of k?
1
Let x = -9 + 13. Suppose -x*i = -8*i - 2*y + 128, -y = 5*i - 154. What is the units digit of i?
0
Let d(q) = -2*q - 4. Let c be (16/20)/(1/(-5)). Let y be d(c). Let f(a) = a - 2. What is the units digit of f(y)?
2
Let a = -3 + 19. Let y = 24 - a. What is the units digit of y?
8
Suppose 2*o - 8 = 6*o. What is the units digit of -1*(-9 + (o - -4))?
7
Let r(p) = -11*p - 5 + 4*p + 1 + 2. What is the units digit of r(-2)?
2
Let q(p) = -p**2 + 5*p**2 - 2*p - 5*p**2 + 2*p**2. What is the units digit of q(3)?
3
Let m be (-14)/(-8) - (-2)/8. Suppose -4*u + 2*a = -40, m*u - 23 = 5*a - 3. What is the units digit of u?
0
Suppose 0 = 4*i + 4 - 12. Suppose 0*b - 3*r = 5*b - 110, b + i*r - 29 = 0. What is the tens digit of b?
1
What is the tens digit of 4 + (3 + -4 - -42)?
4
What is the units digit of 4 - -12 - 6/3?
4
Let k = 148 - 70. What is the units digit of k?
8
Let a(z) = z**3 + 14*z**2 - 3*z - 7. What is the units digit of a(-14)?
5
Suppose -f + 2*s + 9 = 0, -3*f + s - 6 = 6*s. Suppose z - 16 = -m - 4*z, f*z = 6. What is the units digit of m?
6
Suppose 2 = -p + 2*p. Suppose 5*a + p*b = 7, -5*a + 4*b = -a. What is the units digit of a?
1
Suppose 4*j + 4*v = v - 30, 2*v - 20 = 4*j. Suppose 2 = u - 8. Let d = u + j. What is the units digit of d?
4
Let d(k) = -42*k - 6. What is the hundreds digit of d(-5)?
2
Let m(d) = -d**3 + 3*d**2. Let w be m(3). Let q be (-1 - w)/((-1)/11). Suppose -1 = -c + q. What is the units digit of c?
2
Let a(q) = q - 9. Let s be a(-8). Let c = s - -44. What is the units digit of c?
7
Suppose -6 = 4*l - 14, 5*c - 2*l = 16. Suppose -3*a + 4*t = 8*t, c*a - 1 = -5*t. Suppose 4*w + 8 = -a*z, w + 3*z = -4*w. What is the units digit of w?
3
Let m = 103 - 74. What is the units digit of m?
9
Let l(a) = -a**3 - a**2 + 4*a + 242. What is the hundreds digit of l(0)?
2
Suppose 3*y = -1 + 7. Suppose -9 = -y*b + 3. What is the units digit of b?
6
Let f(i) = -3*i - 8. Let q be f(-6). Suppose 0*v + 2*v - q = 0. Let g = v - 3. What is the units digit of g?
2
Let w = 5 - 10. What is the units digit of